{"id":633,"date":"2026-02-26T13:08:25","date_gmt":"2026-02-26T12:08:25","guid":{"rendered":"https:\/\/energiedesfees.fr\/?page_id=633"},"modified":"2026-02-26T15:25:22","modified_gmt":"2026-02-26T14:25:22","slug":"prestations-ateliers-nature-remedes-a-la-carte","status":"publish","type":"page","link":"https:\/\/energiedesfees.fr\/index.php\/prestations-ateliers-nature-remedes-a-la-carte\/","title":{"rendered":"Prestations Ateliers nature &amp; rem\u00e8des \u00e0 la carte"},"content":{"rendered":"\n<h2 class=\"wp-block-heading\">Nature \u2013 Bien-\u00eatre \u2013 Autonomie en Bourgogne-Franche-Comt\u00e9, Haute-Marne.<br><\/h2>\n\n\n\n<h3 class=\"wp-block-heading\">D\u00e9couvrez nos ateliers et cr\u00e9ations pour apprendre \u00e0 utiliser les plantes m\u00e9dicinales et rem\u00e8des naturels.<br><\/h3>\n\n\n\n<h2 class=\"wp-block-heading\">\ud83c\udf38 COSM\u00c9TIQUES NATURELS<\/h2>\n\n\n\n<h3 class=\"wp-block-heading\">                  \ud83d\udc84 <strong>Baume \u00e0 l\u00e8vres naturel Nourrit, prot\u00e8ge et r\u00e9pare en douceur.<\/strong><\/h3>\n\n\n\n<h3 class=\"wp-block-heading\">                  \ud83c\udf3f <strong>Cr\u00e8me de jour v\u00e9g\u00e9tale Hydratation et \u00e9clat avec des actifs naturels.<\/strong><\/h3>\n\n\n\n<h3 class=\"wp-block-heading\">                 \ud83c\udf3c <strong>Huiles de plantes &amp; mac\u00e9rats Mac\u00e9rations solaires aux plantes m\u00e9dicinales :  Calendula, Millepertuis Lavande, P\u00e2querette<\/strong>&#8230;<\/h3>\n\n\n\n<p>\u2728<strong> Fabrication personnalis\u00e9e possible<\/strong><\/p>\n\n\n\n<h2 class=\"wp-block-heading\">\ud83c\udf75 <strong>Tisanes Bien-\u00catre<\/strong> (PERSONNALIS\u00c9ES)<\/h2>\n\n\n\n<p>  M\u00e9langes artisanaux selon vos besoins : <\/p>\n\n\n\n<h3 class=\"wp-block-heading\">                 \ud83c\udf19 <strong>Relaxante Apaisement du syst\u00e8me nerveux. <\/strong><\/h3>\n\n\n\n<h3 class=\"wp-block-heading\">                 \ud83d\ude34 <strong>Sommeil Favorise l\u2019endormissement et le repos profond. <\/strong><\/h3>\n\n\n\n<h3 class=\"wp-block-heading\">                 \ud83c\udf3f <strong>Digestive Soutient le confort intestinal. <\/strong><\/h3>\n\n\n\n<h3 class=\"wp-block-heading\">                 \u2764\ufe0f <strong>Circulation du sang Stimule et tonifie la circulation.<\/strong> <\/h3>\n\n\n\n<h3 class=\"wp-block-heading\">                 \ud83c\udf2c <strong>Anti-stress Aide \u00e0 rel\u00e2cher les tensions mentales et physiques. <\/strong><\/h3>\n\n\n\n<p>\ud83c\udf31 <strong>M\u00e9langes sur mesure fait par vos soins<\/strong><\/p>\n\n\n\n<h2 class=\"wp-block-heading\">\ud83c\udf3f ATELIERS NATUROPATHIE \u2013 PAR TH\u00c8MES \ud83c\udf3f <\/h2>\n\n\n\n<h3 class=\"wp-block-heading\">                \ud83c\udf75 Syst\u00e8me Digestif: <strong>Plantes et conseils naturels pour le confort intestinal. <\/strong><\/h3>\n\n\n\n<h3 class=\"wp-block-heading\">               \ud83c\udf19 Sommeil &amp; D\u00e9tente: <strong>Solutions v\u00e9g\u00e9tales pour favoriser un repos profond. <\/strong><\/h3>\n\n\n\n<h3 class=\"wp-block-heading\">               \ud83c\udf3c Immunit\u00e9 &amp; Vitalit\u00e9: <strong>Renforcer naturellement son organisme. <\/strong><\/h3>\n\n\n\n<h3 class=\"wp-block-heading\">                \ud83c\udf2c Gestion du Stress: <strong>Plantes adaptog\u00e8nes et apaisantes. <\/strong><\/h3>\n\n\n\n<p><strong><em>Des moments de transmission pour devenir acteur de votre bien-\u00eatre au programme :<\/em><\/strong><\/p>\n\n\n\n<h3 class=\"wp-block-heading\">                \ud83c\udf43 Cr\u00e9ation de Tisanes: <strong>Associations adapt\u00e9es aux besoins<\/strong><\/h3>\n\n\n\n<h3 class=\"wp-block-heading\">                \ud83d\udc63 R\u00e9flexologie: <strong>Techniques d\u2019auto-massage, Harmonisation \u00e9nerg\u00e9tique par les pieds et ou les mains<\/strong><\/h3>\n\n\n\n<h3 class=\"wp-block-heading\">                \ud83e\uddd8 M\u00e9ditation Guid\u00e9e: <strong>Techniques de respiration, Relaxation profonde, Reconnexion \u00e0 soi<\/strong><\/h3>\n\n\n\n<p>\u2728 <em><strong>Ateliers en petits groupes et accompagnement personnalis\u00e9<\/strong><\/em><\/p>\n\n\n\n<h2 class=\"wp-block-heading\">    \ud83c\udf38 JOURN\u00c9E VIE DE JEUNE FILLE \ud83c\udf38<\/h2>\n\n\n\n<h3 class=\"wp-block-heading\">Offrez \u00e0 la future mari\u00e9e une parenth\u00e8se douce, joyeuse et ressour\u00e7ante \ud83d\udc95Un moment magique entre amies \u2013 Nature, Bien-\u00eatre &amp; F\u00e9minin Sacr\u00e9.<\/h3>\n\n\n\n<p>        \ud83c\udf3f FORMULE D\u00c9COUVERTE (\u00bd journ\u00e9e)<\/p>\n\n\n\n<h3 class=\"wp-block-heading\">\ud83c\udf38 Atelier Cr\u00e9ation Cosm\u00e9tique Naturelle Chaque participante r\u00e9alise : <\/h3>\n\n\n\n<h3 class=\"wp-block-heading\">                    \u2022 \ud83d\udc84 Un baume \u00e0 l\u00e8vres naturel<\/h3>\n\n\n\n<h3 class=\"wp-block-heading\">                    \u2022 \ud83c\udf3c Une huile v\u00e9g\u00e9tale personnalis\u00e9e<\/h3>\n\n\n\n<h3 class=\"wp-block-heading\">                    \u2022\ud83c\udf75 Rituel Tisane du C\u0153ur Cr\u00e9ation d\u2019un m\u00e9lange symbolique pour la mari\u00e9e   (Amour \u2013 Harmonie \u2013 S\u00e9r\u00e9nit\u00e9)<\/h3>\n\n\n\n<h3 class=\"wp-block-heading\">                   \u2022\ud83e\uddd8 M\u00e9ditation Guid\u00e9e F\u00e9minin Sacr\u00e9 Relaxation, reconnexion et intention pour  cette nouvelle \u00e9tape de vie.<\/h3>\n\n\n\n<p>\u2728 <strong><em>Moment cocooning &amp; convivial \u2728 Adapt\u00e9 \u00e0 tous les profils et \u00e0 votre budget<\/em><\/strong><\/p>\n\n\n\n<p><\/p>\n","protected":false},"excerpt":{"rendered":"<p>Nature \u2013 Bien-\u00eatre \u2013 Autonomie en Bourgogne-Franche-Comt\u00e9, Haute-Marne. D\u00e9couvrez nos ateliers et cr\u00e9ations pour apprendre \u00e0 utiliser les plantes m\u00e9dicinales et rem\u00e8des naturels. \ud83c\udf38 COSM\u00c9TIQUES NATURELS \ud83d\udc84 Baume \u00e0 l\u00e8vres naturel Nourrit, prot\u00e8ge et r\u00e9pare en douceur. \ud83c\udf3f Cr\u00e8me de jour v\u00e9g\u00e9tale Hydratation et \u00e9clat avec des actifs naturels. \ud83c\udf3c Huiles de plantes &amp; mac\u00e9rats [&hellip;]<\/p>\n","protected":false},"author":1,"featured_media":0,"parent":0,"menu_order":0,"comment_status":"closed","ping_status":"closed","template":"","meta":{"footnotes":""},"class_list":["post-633","page","type-page","status-publish","hentry"],"blocksy_meta":{"has_hero_section":"default","styles_descriptor":{"styles":{"desktop":"","tablet":"","mobile":""},"google_fonts":[],"version":6}},"yoast_head":"<!-- This site is optimized with the Yoast SEO plugin v27.4 - https:\/\/yoast.com\/product\/yoast-seo-wordpress\/ -->\n<title>Prestations Ateliers nature &amp; rem\u00e8des \u00e0 la carte - Energie des f\u00e9es by Laetitia lantenois<\/title>\n<meta name=\"description\" content=\"Laetitia Lantenois, \u00e9nerg\u00e9ticienne g\u00e9obiologue et consultante Feng Shui, REIKI Usui en Bourgogne Franche-Comt\u00e9 et Haute-Marne. Harmonisation \u00e9nerg\u00e9tique des lieux et accompagnement holistique.\" \/>\n<meta name=\"robots\" content=\"index, follow, max-snippet:-1, max-image-preview:large, max-video-preview:-1\" \/>\n<link rel=\"canonical\" href=\"https:\/\/energiedesfees.fr\/index.php\/prestations-ateliers-nature-remedes-a-la-carte\/\" \/>\n<meta property=\"og:locale\" content=\"fr_FR\" \/>\n<meta property=\"og:type\" content=\"article\" \/>\n<meta property=\"og:title\" content=\"Prestations Ateliers nature &amp; rem\u00e8des \u00e0 la carte - Energie des f\u00e9es by Laetitia lantenois\" \/>\n<meta property=\"og:description\" content=\"Laetitia Lantenois, \u00e9nerg\u00e9ticienne g\u00e9obiologue et consultante Feng Shui, REIKI Usui en Bourgogne Franche-Comt\u00e9 et Haute-Marne. Harmonisation \u00e9nerg\u00e9tique des lieux et accompagnement holistique.\" \/>\n<meta property=\"og:url\" content=\"https:\/\/energiedesfees.fr\/index.php\/prestations-ateliers-nature-remedes-a-la-carte\/\" \/>\n<meta property=\"og:site_name\" content=\"Energie des f\u00e9es by Laetitia lantenois\" \/>\n<meta property=\"article:publisher\" content=\"https:\/\/www.facebook.com\/profile.php?id=100083468225872\" \/>\n<meta property=\"article:modified_time\" content=\"2026-02-26T14:25:22+00:00\" \/>\n<meta name=\"twitter:card\" content=\"summary_large_image\" \/>\n<meta name=\"twitter:label1\" content=\"Dur\u00e9e de lecture estim\u00e9e\" \/>\n\t<meta name=\"twitter:data1\" content=\"2 minutes\" \/>\n<script type=\"application\/ld+json\" class=\"yoast-schema-graph\">{\"@context\":\"https:\\\/\\\/schema.org\",\"@graph\":[{\"@type\":\"WebPage\",\"@id\":\"https:\\\/\\\/energiedesfees.fr\\\/index.php\\\/prestations-ateliers-nature-remedes-a-la-carte\\\/\",\"url\":\"https:\\\/\\\/energiedesfees.fr\\\/index.php\\\/prestations-ateliers-nature-remedes-a-la-carte\\\/\",\"name\":\"Prestations Ateliers nature &amp; rem\u00e8des \u00e0 la carte - Energie des f\u00e9es by Laetitia lantenois\",\"isPartOf\":{\"@id\":\"https:\\\/\\\/energiedesfees.fr\\\/#website\"},\"datePublished\":\"2026-02-26T12:08:25+00:00\",\"dateModified\":\"2026-02-26T14:25:22+00:00\",\"description\":\"Laetitia Lantenois, \u00e9nerg\u00e9ticienne g\u00e9obiologue et consultante Feng Shui, REIKI Usui en Bourgogne Franche-Comt\u00e9 et Haute-Marne. Harmonisation \u00e9nerg\u00e9tique des lieux et accompagnement holistique.\",\"breadcrumb\":{\"@id\":\"https:\\\/\\\/energiedesfees.fr\\\/index.php\\\/prestations-ateliers-nature-remedes-a-la-carte\\\/#breadcrumb\"},\"inLanguage\":\"fr-FR\",\"potentialAction\":[{\"@type\":\"ReadAction\",\"target\":[\"https:\\\/\\\/energiedesfees.fr\\\/index.php\\\/prestations-ateliers-nature-remedes-a-la-carte\\\/\"]}]},{\"@type\":\"BreadcrumbList\",\"@id\":\"https:\\\/\\\/energiedesfees.fr\\\/index.php\\\/prestations-ateliers-nature-remedes-a-la-carte\\\/#breadcrumb\",\"itemListElement\":[{\"@type\":\"ListItem\",\"position\":1,\"name\":\"Accueil\",\"item\":\"https:\\\/\\\/energiedesfees.fr\\\/\"},{\"@type\":\"ListItem\",\"position\":2,\"name\":\"Prestations Ateliers nature &amp; rem\u00e8des \u00e0 la carte\"}]},{\"@type\":\"WebSite\",\"@id\":\"https:\\\/\\\/energiedesfees.fr\\\/#website\",\"url\":\"https:\\\/\\\/energiedesfees.fr\\\/\",\"name\":\"Energie des f\u00e9es by Laetitia lantenois\",\"description\":\"Artisan de lumi\u00e8re et cr\u00e9atrice de bonheur\",\"publisher\":{\"@id\":\"https:\\\/\\\/energiedesfees.fr\\\/#organization\"},\"potentialAction\":[{\"@type\":\"SearchAction\",\"target\":{\"@type\":\"EntryPoint\",\"urlTemplate\":\"https:\\\/\\\/energiedesfees.fr\\\/?s={search_term_string}\"},\"query-input\":{\"@type\":\"PropertyValueSpecification\",\"valueRequired\":true,\"valueName\":\"search_term_string\"}}],\"inLanguage\":\"fr-FR\"},{\"@type\":\"Organization\",\"@id\":\"https:\\\/\\\/energiedesfees.fr\\\/#organization\",\"name\":\"Energie des f\u00e9es by Laetitia lantenois\",\"url\":\"https:\\\/\\\/energiedesfees.fr\\\/\",\"logo\":{\"@type\":\"ImageObject\",\"inLanguage\":\"fr-FR\",\"@id\":\"https:\\\/\\\/energiedesfees.fr\\\/#\\\/schema\\\/logo\\\/image\\\/\",\"url\":\"https:\\\/\\\/energiedesfees.fr\\\/wp-content\\\/uploads\\\/2025\\\/09\\\/Je-vous-accueille-du-mercredi-au-dimanche-de-9h00-a-18h00-2.png\",\"contentUrl\":\"https:\\\/\\\/energiedesfees.fr\\\/wp-content\\\/uploads\\\/2025\\\/09\\\/Je-vous-accueille-du-mercredi-au-dimanche-de-9h00-a-18h00-2.png\",\"width\":1366,\"height\":768,\"caption\":\"                                                                    Energie des f\u00e9es by  Laetitia lantenois\"},\"image\":{\"@id\":\"https:\\\/\\\/energiedesfees.fr\\\/#\\\/schema\\\/logo\\\/image\\\/\"},\"sameAs\":[\"https:\\\/\\\/www.facebook.com\\\/profile.php?id=100083468225872\"]}]}<\/script>\n<!-- \/ Yoast SEO plugin. -->","yoast_head_json":{"title":"Prestations Ateliers nature &amp; rem\u00e8des \u00e0 la carte - Energie des f\u00e9es by Laetitia lantenois","description":"Laetitia Lantenois, \u00e9nerg\u00e9ticienne g\u00e9obiologue et consultante Feng Shui, REIKI Usui en Bourgogne Franche-Comt\u00e9 et Haute-Marne. Harmonisation \u00e9nerg\u00e9tique des lieux et accompagnement holistique.","robots":{"index":"index","follow":"follow","max-snippet":"max-snippet:-1","max-image-preview":"max-image-preview:large","max-video-preview":"max-video-preview:-1"},"canonical":"https:\/\/energiedesfees.fr\/index.php\/prestations-ateliers-nature-remedes-a-la-carte\/","og_locale":"fr_FR","og_type":"article","og_title":"Prestations Ateliers nature &amp; rem\u00e8des \u00e0 la carte - Energie des f\u00e9es by Laetitia lantenois","og_description":"Laetitia Lantenois, \u00e9nerg\u00e9ticienne g\u00e9obiologue et consultante Feng Shui, REIKI Usui en Bourgogne Franche-Comt\u00e9 et Haute-Marne. Harmonisation \u00e9nerg\u00e9tique des lieux et accompagnement holistique.","og_url":"https:\/\/energiedesfees.fr\/index.php\/prestations-ateliers-nature-remedes-a-la-carte\/","og_site_name":"Energie des f\u00e9es by Laetitia lantenois","article_publisher":"https:\/\/www.facebook.com\/profile.php?id=100083468225872","article_modified_time":"2026-02-26T14:25:22+00:00","twitter_card":"summary_large_image","twitter_misc":{"Dur\u00e9e de lecture estim\u00e9e":"2 minutes"},"schema":{"@context":"https:\/\/schema.org","@graph":[{"@type":"WebPage","@id":"https:\/\/energiedesfees.fr\/index.php\/prestations-ateliers-nature-remedes-a-la-carte\/","url":"https:\/\/energiedesfees.fr\/index.php\/prestations-ateliers-nature-remedes-a-la-carte\/","name":"Prestations Ateliers nature &amp; rem\u00e8des \u00e0 la carte - Energie des f\u00e9es by Laetitia lantenois","isPartOf":{"@id":"https:\/\/energiedesfees.fr\/#website"},"datePublished":"2026-02-26T12:08:25+00:00","dateModified":"2026-02-26T14:25:22+00:00","description":"Laetitia Lantenois, \u00e9nerg\u00e9ticienne g\u00e9obiologue et consultante Feng Shui, REIKI Usui en Bourgogne Franche-Comt\u00e9 et Haute-Marne. Harmonisation \u00e9nerg\u00e9tique des lieux et accompagnement holistique.","breadcrumb":{"@id":"https:\/\/energiedesfees.fr\/index.php\/prestations-ateliers-nature-remedes-a-la-carte\/#breadcrumb"},"inLanguage":"fr-FR","potentialAction":[{"@type":"ReadAction","target":["https:\/\/energiedesfees.fr\/index.php\/prestations-ateliers-nature-remedes-a-la-carte\/"]}]},{"@type":"BreadcrumbList","@id":"https:\/\/energiedesfees.fr\/index.php\/prestations-ateliers-nature-remedes-a-la-carte\/#breadcrumb","itemListElement":[{"@type":"ListItem","position":1,"name":"Accueil","item":"https:\/\/energiedesfees.fr\/"},{"@type":"ListItem","position":2,"name":"Prestations Ateliers nature &amp; rem\u00e8des \u00e0 la carte"}]},{"@type":"WebSite","@id":"https:\/\/energiedesfees.fr\/#website","url":"https:\/\/energiedesfees.fr\/","name":"Energie des f\u00e9es by Laetitia lantenois","description":"Artisan de lumi\u00e8re et cr\u00e9atrice de bonheur","publisher":{"@id":"https:\/\/energiedesfees.fr\/#organization"},"potentialAction":[{"@type":"SearchAction","target":{"@type":"EntryPoint","urlTemplate":"https:\/\/energiedesfees.fr\/?s={search_term_string}"},"query-input":{"@type":"PropertyValueSpecification","valueRequired":true,"valueName":"search_term_string"}}],"inLanguage":"fr-FR"},{"@type":"Organization","@id":"https:\/\/energiedesfees.fr\/#organization","name":"Energie des f\u00e9es by Laetitia lantenois","url":"https:\/\/energiedesfees.fr\/","logo":{"@type":"ImageObject","inLanguage":"fr-FR","@id":"https:\/\/energiedesfees.fr\/#\/schema\/logo\/image\/","url":"https:\/\/energiedesfees.fr\/wp-content\/uploads\/2025\/09\/Je-vous-accueille-du-mercredi-au-dimanche-de-9h00-a-18h00-2.png","contentUrl":"https:\/\/energiedesfees.fr\/wp-content\/uploads\/2025\/09\/Je-vous-accueille-du-mercredi-au-dimanche-de-9h00-a-18h00-2.png","width":1366,"height":768,"caption":"                                                                    Energie des f\u00e9es by  Laetitia lantenois"},"image":{"@id":"https:\/\/energiedesfees.fr\/#\/schema\/logo\/image\/"},"sameAs":["https:\/\/www.facebook.com\/profile.php?id=100083468225872"]}]}},"_links":{"self":[{"href":"https:\/\/energiedesfees.fr\/index.php\/wp-json\/wp\/v2\/pages\/633","targetHints":{"allow":["GET"]}}],"collection":[{"href":"https:\/\/energiedesfees.fr\/index.php\/wp-json\/wp\/v2\/pages"}],"about":[{"href":"https:\/\/energiedesfees.fr\/index.php\/wp-json\/wp\/v2\/types\/page"}],"author":[{"embeddable":true,"href":"https:\/\/energiedesfees.fr\/index.php\/wp-json\/wp\/v2\/users\/1"}],"replies":[{"embeddable":true,"href":"https:\/\/energiedesfees.fr\/index.php\/wp-json\/wp\/v2\/comments?post=633"}],"version-history":[{"count":5,"href":"https:\/\/energiedesfees.fr\/index.php\/wp-json\/wp\/v2\/pages\/633\/revisions"}],"predecessor-version":[{"id":667,"href":"https:\/\/energiedesfees.fr\/index.php\/wp-json\/wp\/v2\/pages\/633\/revisions\/667"}],"wp:attachment":[{"href":"https:\/\/energiedesfees.fr\/index.php\/wp-json\/wp\/v2\/media?parent=633"}],"curies":[{"name":"wp","href":"https:\/\/api.w.org\/{rel}","templated":true}]}}