{"id":542,"date":"2025-11-23T21:03:29","date_gmt":"2025-11-23T20:03:29","guid":{"rendered":"https:\/\/energiedesfees.fr\/?page_id=542"},"modified":"2025-11-28T11:09:41","modified_gmt":"2025-11-28T10:09:41","slug":"lharmonie-de-lhabitat-et-de-lhumain","status":"publish","type":"page","link":"https:\/\/energiedesfees.fr\/index.php\/lharmonie-de-lhabitat-et-de-lhumain\/","title":{"rendered":"Ma maison m\u2019a conduite au Feng Shui"},"content":{"rendered":"\n<figure class=\"wp-block-image aligncenter size-large is-resized\"><img loading=\"lazy\" decoding=\"async\" width=\"1024\" height=\"585\" src=\"https:\/\/energiedesfees.fr\/wp-content\/uploads\/2025\/11\/amenagement-interieur-Feng-Shui-1024x585.jpg\" alt=\"laetitia lantenois amenagement-interieur-Feng-Shui\" class=\"wp-image-546\" style=\"width:456px;height:auto\" srcset=\"https:\/\/energiedesfees.fr\/wp-content\/uploads\/2025\/11\/amenagement-interieur-Feng-Shui-1024x585.jpg 1024w, https:\/\/energiedesfees.fr\/wp-content\/uploads\/2025\/11\/amenagement-interieur-Feng-Shui-300x171.jpg 300w, https:\/\/energiedesfees.fr\/wp-content\/uploads\/2025\/11\/amenagement-interieur-Feng-Shui-768x439.jpg 768w, https:\/\/energiedesfees.fr\/wp-content\/uploads\/2025\/11\/amenagement-interieur-Feng-Shui.jpg 1344w\" sizes=\"auto, (max-width: 1024px) 100vw, 1024px\" \/><figcaption class=\"wp-element-caption\">Expertise Feng Shui, \u00e9nergie des f\u00e9es<\/figcaption><\/figure>\n\n\n\n<h2 class=\"wp-block-heading has-text-align-center\"><strong>Ma maison m\u2019a conduite au Feng Shui<\/strong><\/h2>\n\n\n\n<div class=\"wp-block-media-text is-stacked-on-mobile\"><figure class=\"wp-block-media-text__media\"><img loading=\"lazy\" decoding=\"async\" width=\"736\" height=\"552\" src=\"https:\/\/energiedesfees.fr\/wp-content\/uploads\/2025\/11\/IMAGE-JARDIN-FENS-SHUI-2.jpg\" alt=\"\" class=\"wp-image-565 size-full\" srcset=\"https:\/\/energiedesfees.fr\/wp-content\/uploads\/2025\/11\/IMAGE-JARDIN-FENS-SHUI-2.jpg 736w, https:\/\/energiedesfees.fr\/wp-content\/uploads\/2025\/11\/IMAGE-JARDIN-FENS-SHUI-2-300x225.jpg 300w\" sizes=\"auto, (max-width: 736px) 100vw, 736px\" \/><\/figure><div class=\"wp-block-media-text__content\">\n<p>Lors de l\u2019achat de notre maison destin\u00e9e \u00e0 accueillir mon cabinet j\u2019ai imm\u00e9diatement ressenti une forte \u00e9nergie. Malgr\u00e9 un nettoyage \u00e9nerg\u00e9tique et un travail en g\u00e9obiologie, quelque chose manquait encore.<\/p>\n\n\n\n<p>En demandant l\u2019aide de mes guides, le Feng Shui s\u2019est impos\u00e9 comme une \u00e9vidence, c&rsquo;\u00e9tait ma pi\u00e8ce manquante, le pont entre mes comp\u00e9tences \u00e9nerg\u00e9tiques de l&rsquo;humain, et celui de la maison. Apr\u00e8s l\u2019avoir appliqu\u00e9, la maison s\u2019est apais\u00e9e : sommeil plus profond, ambiance harmonieuse, projets qui s\u2019acc\u00e9l\u00e8rent, carri\u00e8res et finances qui s\u2019ouvrent.<\/p>\n\n\n\n<p><strong>Un v\u00e9ritable \u00e9lan de vie<\/strong>.<\/p>\n<\/div><\/div>\n\n\n\n<p><strong>Mes accompagnements sont pens\u00e9s pour votre transformation, issus de l\u2019union de mes pratiques <strong>\u00e9nerg\u00e9tiques, EFT, fleurs de Bach, et plantes m\u00e9dicinales, g\u00e9obiologie et Feng shui ainsi que des guidances.<\/strong><\/strong><\/p>\n\n\n\n<p><strong><strong>Ma m\u00e9thode est unique , car elle est issue de mes exp\u00e9riences . <\/strong><\/strong><\/p>\n\n\n\n<h2 class=\"wp-block-heading\">\ud83d\udcde <strong>Demander un accompagnement<\/strong><\/h2>\n\n\n\n<p>Chaque parcours est personnalis\u00e9.<br>Contactez-moi pour un premier \u00e9change gratuit afin de d\u00e9finir ensemble <strong>le chemin qui vous correspond<\/strong>.<\/p>\n\n\n\n<hr class=\"wp-block-separator has-alpha-channel-opacity\"\/>\n\n\n\n<p><\/p>\n","protected":false},"excerpt":{"rendered":"<p>Ma maison m\u2019a conduite au Feng Shui Lors de l\u2019achat de notre maison destin\u00e9e \u00e0 accueillir mon cabinet j\u2019ai imm\u00e9diatement ressenti une forte \u00e9nergie. Malgr\u00e9 un nettoyage \u00e9nerg\u00e9tique et un travail en g\u00e9obiologie, quelque chose manquait encore. En demandant l\u2019aide de mes guides, le Feng Shui s\u2019est impos\u00e9 comme une \u00e9vidence, c&rsquo;\u00e9tait ma pi\u00e8ce manquante, [&hellip;]<\/p>\n","protected":false},"author":1,"featured_media":0,"parent":0,"menu_order":0,"comment_status":"closed","ping_status":"closed","template":"","meta":{"footnotes":""},"class_list":["post-542","page","type-page","status-publish","hentry"],"blocksy_meta":[],"yoast_head":"<!-- This site is optimized with the Yoast SEO plugin v27.4 - https:\/\/yoast.com\/product\/yoast-seo-wordpress\/ -->\n<title>Ma maison m\u2019a conduite au Feng Shui - Energie des f\u00e9es by Laetitia lantenois<\/title>\n<meta name=\"description\" content=\"Laetitia Lantenois, \u00e9nerg\u00e9ticienne g\u00e9obiologue et consultante Feng Shui, REIKI Usui en Bourgogne Franche-Comt\u00e9 et Haute-Marne. Harmonisation \u00e9nerg\u00e9tique des lieux et accompagnement holistique.\" \/>\n<meta name=\"robots\" content=\"index, follow, max-snippet:-1, max-image-preview:large, max-video-preview:-1\" \/>\n<link rel=\"canonical\" href=\"https:\/\/energiedesfees.fr\/index.php\/lharmonie-de-lhabitat-et-de-lhumain\/\" \/>\n<meta property=\"og:locale\" content=\"fr_FR\" \/>\n<meta property=\"og:type\" content=\"article\" \/>\n<meta property=\"og:title\" content=\"Ma maison m\u2019a conduite au Feng Shui - Energie des f\u00e9es by Laetitia lantenois\" \/>\n<meta property=\"og:description\" content=\"Laetitia Lantenois, \u00e9nerg\u00e9ticienne g\u00e9obiologue et consultante Feng Shui, REIKI Usui en Bourgogne Franche-Comt\u00e9 et Haute-Marne. Harmonisation \u00e9nerg\u00e9tique des lieux et accompagnement holistique.\" \/>\n<meta property=\"og:url\" content=\"https:\/\/energiedesfees.fr\/index.php\/lharmonie-de-lhabitat-et-de-lhumain\/\" \/>\n<meta property=\"og:site_name\" content=\"Energie des f\u00e9es by Laetitia lantenois\" \/>\n<meta property=\"article:publisher\" content=\"https:\/\/www.facebook.com\/profile.php?id=100083468225872\" \/>\n<meta property=\"article:modified_time\" content=\"2025-11-28T10:09:41+00:00\" \/>\n<meta property=\"og:image\" content=\"https:\/\/energiedesfees.fr\/wp-content\/uploads\/2025\/11\/amenagement-interieur-Feng-Shui.jpg\" \/>\n\t<meta property=\"og:image:width\" content=\"1344\" \/>\n\t<meta property=\"og:image:height\" content=\"768\" \/>\n\t<meta property=\"og:image:type\" content=\"image\/jpeg\" \/>\n<meta name=\"twitter:card\" content=\"summary_large_image\" \/>\n<meta name=\"twitter:label1\" content=\"Dur\u00e9e de lecture estim\u00e9e\" \/>\n\t<meta name=\"twitter:data1\" content=\"2 minutes\" \/>\n<script type=\"application\/ld+json\" class=\"yoast-schema-graph\">{\"@context\":\"https:\\\/\\\/schema.org\",\"@graph\":[{\"@type\":\"WebPage\",\"@id\":\"https:\\\/\\\/energiedesfees.fr\\\/index.php\\\/lharmonie-de-lhabitat-et-de-lhumain\\\/\",\"url\":\"https:\\\/\\\/energiedesfees.fr\\\/index.php\\\/lharmonie-de-lhabitat-et-de-lhumain\\\/\",\"name\":\"Ma maison m\u2019a conduite au Feng Shui - Energie des f\u00e9es by Laetitia lantenois\",\"isPartOf\":{\"@id\":\"https:\\\/\\\/energiedesfees.fr\\\/#website\"},\"primaryImageOfPage\":{\"@id\":\"https:\\\/\\\/energiedesfees.fr\\\/index.php\\\/lharmonie-de-lhabitat-et-de-lhumain\\\/#primaryimage\"},\"image\":{\"@id\":\"https:\\\/\\\/energiedesfees.fr\\\/index.php\\\/lharmonie-de-lhabitat-et-de-lhumain\\\/#primaryimage\"},\"thumbnailUrl\":\"https:\\\/\\\/energiedesfees.fr\\\/wp-content\\\/uploads\\\/2025\\\/11\\\/amenagement-interieur-Feng-Shui-1024x585.jpg\",\"datePublished\":\"2025-11-23T20:03:29+00:00\",\"dateModified\":\"2025-11-28T10:09:41+00:00\",\"description\":\"Laetitia Lantenois, \u00e9nerg\u00e9ticienne g\u00e9obiologue et consultante Feng Shui, REIKI Usui en Bourgogne Franche-Comt\u00e9 et Haute-Marne. Harmonisation \u00e9nerg\u00e9tique des lieux et accompagnement holistique.\",\"breadcrumb\":{\"@id\":\"https:\\\/\\\/energiedesfees.fr\\\/index.php\\\/lharmonie-de-lhabitat-et-de-lhumain\\\/#breadcrumb\"},\"inLanguage\":\"fr-FR\",\"potentialAction\":[{\"@type\":\"ReadAction\",\"target\":[\"https:\\\/\\\/energiedesfees.fr\\\/index.php\\\/lharmonie-de-lhabitat-et-de-lhumain\\\/\"]}]},{\"@type\":\"ImageObject\",\"inLanguage\":\"fr-FR\",\"@id\":\"https:\\\/\\\/energiedesfees.fr\\\/index.php\\\/lharmonie-de-lhabitat-et-de-lhumain\\\/#primaryimage\",\"url\":\"https:\\\/\\\/energiedesfees.fr\\\/wp-content\\\/uploads\\\/2025\\\/11\\\/amenagement-interieur-Feng-Shui.jpg\",\"contentUrl\":\"https:\\\/\\\/energiedesfees.fr\\\/wp-content\\\/uploads\\\/2025\\\/11\\\/amenagement-interieur-Feng-Shui.jpg\",\"width\":1344,\"height\":768,\"caption\":\"Feng-Shui energie des f\u00e9es\"},{\"@type\":\"BreadcrumbList\",\"@id\":\"https:\\\/\\\/energiedesfees.fr\\\/index.php\\\/lharmonie-de-lhabitat-et-de-lhumain\\\/#breadcrumb\",\"itemListElement\":[{\"@type\":\"ListItem\",\"position\":1,\"name\":\"Accueil\",\"item\":\"https:\\\/\\\/energiedesfees.fr\\\/\"},{\"@type\":\"ListItem\",\"position\":2,\"name\":\"Ma maison m\u2019a conduite au Feng Shui\"}]},{\"@type\":\"WebSite\",\"@id\":\"https:\\\/\\\/energiedesfees.fr\\\/#website\",\"url\":\"https:\\\/\\\/energiedesfees.fr\\\/\",\"name\":\"Energie des f\u00e9es by Laetitia lantenois\",\"description\":\"Artisan de lumi\u00e8re et cr\u00e9atrice de bonheur\",\"publisher\":{\"@id\":\"https:\\\/\\\/energiedesfees.fr\\\/#organization\"},\"potentialAction\":[{\"@type\":\"SearchAction\",\"target\":{\"@type\":\"EntryPoint\",\"urlTemplate\":\"https:\\\/\\\/energiedesfees.fr\\\/?s={search_term_string}\"},\"query-input\":{\"@type\":\"PropertyValueSpecification\",\"valueRequired\":true,\"valueName\":\"search_term_string\"}}],\"inLanguage\":\"fr-FR\"},{\"@type\":\"Organization\",\"@id\":\"https:\\\/\\\/energiedesfees.fr\\\/#organization\",\"name\":\"Energie des f\u00e9es by Laetitia lantenois\",\"url\":\"https:\\\/\\\/energiedesfees.fr\\\/\",\"logo\":{\"@type\":\"ImageObject\",\"inLanguage\":\"fr-FR\",\"@id\":\"https:\\\/\\\/energiedesfees.fr\\\/#\\\/schema\\\/logo\\\/image\\\/\",\"url\":\"https:\\\/\\\/energiedesfees.fr\\\/wp-content\\\/uploads\\\/2025\\\/09\\\/Je-vous-accueille-du-mercredi-au-dimanche-de-9h00-a-18h00-2.png\",\"contentUrl\":\"https:\\\/\\\/energiedesfees.fr\\\/wp-content\\\/uploads\\\/2025\\\/09\\\/Je-vous-accueille-du-mercredi-au-dimanche-de-9h00-a-18h00-2.png\",\"width\":1366,\"height\":768,\"caption\":\"                                                                    Energie des f\u00e9es by  Laetitia lantenois\"},\"image\":{\"@id\":\"https:\\\/\\\/energiedesfees.fr\\\/#\\\/schema\\\/logo\\\/image\\\/\"},\"sameAs\":[\"https:\\\/\\\/www.facebook.com\\\/profile.php?id=100083468225872\"]}]}<\/script>\n<!-- \/ Yoast SEO plugin. -->","yoast_head_json":{"title":"Ma maison m\u2019a conduite au Feng Shui - Energie des f\u00e9es by Laetitia lantenois","description":"Laetitia Lantenois, \u00e9nerg\u00e9ticienne g\u00e9obiologue et consultante Feng Shui, REIKI Usui en Bourgogne Franche-Comt\u00e9 et Haute-Marne. Harmonisation \u00e9nerg\u00e9tique des lieux et accompagnement holistique.","robots":{"index":"index","follow":"follow","max-snippet":"max-snippet:-1","max-image-preview":"max-image-preview:large","max-video-preview":"max-video-preview:-1"},"canonical":"https:\/\/energiedesfees.fr\/index.php\/lharmonie-de-lhabitat-et-de-lhumain\/","og_locale":"fr_FR","og_type":"article","og_title":"Ma maison m\u2019a conduite au Feng Shui - Energie des f\u00e9es by Laetitia lantenois","og_description":"Laetitia Lantenois, \u00e9nerg\u00e9ticienne g\u00e9obiologue et consultante Feng Shui, REIKI Usui en Bourgogne Franche-Comt\u00e9 et Haute-Marne. Harmonisation \u00e9nerg\u00e9tique des lieux et accompagnement holistique.","og_url":"https:\/\/energiedesfees.fr\/index.php\/lharmonie-de-lhabitat-et-de-lhumain\/","og_site_name":"Energie des f\u00e9es by Laetitia lantenois","article_publisher":"https:\/\/www.facebook.com\/profile.php?id=100083468225872","article_modified_time":"2025-11-28T10:09:41+00:00","og_image":[{"width":1344,"height":768,"url":"https:\/\/energiedesfees.fr\/wp-content\/uploads\/2025\/11\/amenagement-interieur-Feng-Shui.jpg","type":"image\/jpeg"}],"twitter_card":"summary_large_image","twitter_misc":{"Dur\u00e9e de lecture estim\u00e9e":"2 minutes"},"schema":{"@context":"https:\/\/schema.org","@graph":[{"@type":"WebPage","@id":"https:\/\/energiedesfees.fr\/index.php\/lharmonie-de-lhabitat-et-de-lhumain\/","url":"https:\/\/energiedesfees.fr\/index.php\/lharmonie-de-lhabitat-et-de-lhumain\/","name":"Ma maison m\u2019a conduite au Feng Shui - Energie des f\u00e9es by Laetitia lantenois","isPartOf":{"@id":"https:\/\/energiedesfees.fr\/#website"},"primaryImageOfPage":{"@id":"https:\/\/energiedesfees.fr\/index.php\/lharmonie-de-lhabitat-et-de-lhumain\/#primaryimage"},"image":{"@id":"https:\/\/energiedesfees.fr\/index.php\/lharmonie-de-lhabitat-et-de-lhumain\/#primaryimage"},"thumbnailUrl":"https:\/\/energiedesfees.fr\/wp-content\/uploads\/2025\/11\/amenagement-interieur-Feng-Shui-1024x585.jpg","datePublished":"2025-11-23T20:03:29+00:00","dateModified":"2025-11-28T10:09:41+00:00","description":"Laetitia Lantenois, \u00e9nerg\u00e9ticienne g\u00e9obiologue et consultante Feng Shui, REIKI Usui en Bourgogne Franche-Comt\u00e9 et Haute-Marne. Harmonisation \u00e9nerg\u00e9tique des lieux et accompagnement holistique.","breadcrumb":{"@id":"https:\/\/energiedesfees.fr\/index.php\/lharmonie-de-lhabitat-et-de-lhumain\/#breadcrumb"},"inLanguage":"fr-FR","potentialAction":[{"@type":"ReadAction","target":["https:\/\/energiedesfees.fr\/index.php\/lharmonie-de-lhabitat-et-de-lhumain\/"]}]},{"@type":"ImageObject","inLanguage":"fr-FR","@id":"https:\/\/energiedesfees.fr\/index.php\/lharmonie-de-lhabitat-et-de-lhumain\/#primaryimage","url":"https:\/\/energiedesfees.fr\/wp-content\/uploads\/2025\/11\/amenagement-interieur-Feng-Shui.jpg","contentUrl":"https:\/\/energiedesfees.fr\/wp-content\/uploads\/2025\/11\/amenagement-interieur-Feng-Shui.jpg","width":1344,"height":768,"caption":"Feng-Shui energie des f\u00e9es"},{"@type":"BreadcrumbList","@id":"https:\/\/energiedesfees.fr\/index.php\/lharmonie-de-lhabitat-et-de-lhumain\/#breadcrumb","itemListElement":[{"@type":"ListItem","position":1,"name":"Accueil","item":"https:\/\/energiedesfees.fr\/"},{"@type":"ListItem","position":2,"name":"Ma maison m\u2019a conduite au Feng Shui"}]},{"@type":"WebSite","@id":"https:\/\/energiedesfees.fr\/#website","url":"https:\/\/energiedesfees.fr\/","name":"Energie des f\u00e9es by Laetitia lantenois","description":"Artisan de lumi\u00e8re et cr\u00e9atrice de bonheur","publisher":{"@id":"https:\/\/energiedesfees.fr\/#organization"},"potentialAction":[{"@type":"SearchAction","target":{"@type":"EntryPoint","urlTemplate":"https:\/\/energiedesfees.fr\/?s={search_term_string}"},"query-input":{"@type":"PropertyValueSpecification","valueRequired":true,"valueName":"search_term_string"}}],"inLanguage":"fr-FR"},{"@type":"Organization","@id":"https:\/\/energiedesfees.fr\/#organization","name":"Energie des f\u00e9es by Laetitia lantenois","url":"https:\/\/energiedesfees.fr\/","logo":{"@type":"ImageObject","inLanguage":"fr-FR","@id":"https:\/\/energiedesfees.fr\/#\/schema\/logo\/image\/","url":"https:\/\/energiedesfees.fr\/wp-content\/uploads\/2025\/09\/Je-vous-accueille-du-mercredi-au-dimanche-de-9h00-a-18h00-2.png","contentUrl":"https:\/\/energiedesfees.fr\/wp-content\/uploads\/2025\/09\/Je-vous-accueille-du-mercredi-au-dimanche-de-9h00-a-18h00-2.png","width":1366,"height":768,"caption":"                                                                    Energie des f\u00e9es by  Laetitia lantenois"},"image":{"@id":"https:\/\/energiedesfees.fr\/#\/schema\/logo\/image\/"},"sameAs":["https:\/\/www.facebook.com\/profile.php?id=100083468225872"]}]}},"_links":{"self":[{"href":"https:\/\/energiedesfees.fr\/index.php\/wp-json\/wp\/v2\/pages\/542","targetHints":{"allow":["GET"]}}],"collection":[{"href":"https:\/\/energiedesfees.fr\/index.php\/wp-json\/wp\/v2\/pages"}],"about":[{"href":"https:\/\/energiedesfees.fr\/index.php\/wp-json\/wp\/v2\/types\/page"}],"author":[{"embeddable":true,"href":"https:\/\/energiedesfees.fr\/index.php\/wp-json\/wp\/v2\/users\/1"}],"replies":[{"embeddable":true,"href":"https:\/\/energiedesfees.fr\/index.php\/wp-json\/wp\/v2\/comments?post=542"}],"version-history":[{"count":11,"href":"https:\/\/energiedesfees.fr\/index.php\/wp-json\/wp\/v2\/pages\/542\/revisions"}],"predecessor-version":[{"id":595,"href":"https:\/\/energiedesfees.fr\/index.php\/wp-json\/wp\/v2\/pages\/542\/revisions\/595"}],"wp:attachment":[{"href":"https:\/\/energiedesfees.fr\/index.php\/wp-json\/wp\/v2\/media?parent=542"}],"curies":[{"name":"wp","href":"https:\/\/api.w.org\/{rel}","templated":true}]}}